)/(16/32).
19
Let q = 31 - 10. Let d = 15 + q. What are the prime factors of d?
2, 3
Suppose -l + 6*j + 1731 = j, j = -l + 1749. What are the prime factors of l?
2, 3, 97
Let p(b) = 276*b + 153. List the prime factors of p(10).
3, 971
Suppose -7 = -4*x + x - 5*w, 3*w + 11 = 2*x. Let j(v) = 7 - x*v + 0*v + 0*v. What are the prime factors of j(-5)?
3
Suppose 0 = -28*v + 22*v + 3564. What are the prime factors of v?
2, 3, 11
Let i(k) = 2*k + 18. Suppose 4*z = -3*d - z + 49, 5*z = -2*d + 41. List the prime factors of i(d).
2, 17
Suppose 14*r + 1614 = 6262. Suppose -4*s + r = -4*l, s - 71 = -l - 4*l. List the prime factors of s.
3
Let j(w) = 3*w - 7. Let q be j(4). Suppose -4*r + 5*n = -r - 41, 3*n + 63 = q*r. Suppose -2*c + r = -c. What are the prime factors of c?
2, 3
Suppose 0 = 9*n - 18*n + 1143. Suppose n = g - 2*m, -5*g + m = 4*m - 687. What are the prime factors of g?
3, 5
Suppose -10849 + 1455 = -11*o. What are the prime factors of o?
2, 7, 61
Let g(p) = 2*p**2 - 14*p - 2. Let v be g(7). List the prime factors of (5 - 2)/(v/(-6)).
3
List the prime factors of ((-216)/(-378))/(2/13517).
2, 1931
List the prime factors of 21/28*(1052 + 0).
3, 263
Let s(u) = -u - 2. Let g be s(-5). Suppose -c + 180 = -7*c. List the prime factors of -3 - (c - (3 - g)).
3
Let q be (-256)/(-20) - 3/(-15). Suppose q = 5*f - 107. Suppose -f = -4*l - 5*h, -3*l + 2*h - 6 = -4*l. List the prime factors of l.
2, 3
Let a = 165 - 144. Let v(w) = 6*w - 7. Let u be v(7). Let d = u - a. What are the prime factors of d?
2, 7
Let j be 9/(-3) - -4 - -2. Suppose 2*s + 2*s + j*x + 20 = 0, 5*x + 15 = -3*s. List the prime factors of (s/2)/((-3)/6).
5
Let c = -156 - -279. Suppose 3 = -3*g, 4*y - 3*g + 8*g = c. List the prime factors of y.
2
Let h be -2 - -163*(-3)/(-3). Let u = h - 85. List the prime factors of u.
2, 19
Suppose 24*k - 1566 = 11058. List the prime factors of k.
2, 263
Let i(t) = 15*t**2 + 3*t - 3. Let n be i(3). Suppose n = 4*k - 11. List the prime factors of k.
2, 19
Let f(q) = q**3 + 11*q**2 + 14*q + 6. Let h be f(-9). Let l be (h/4)/(12/16). Suppose l*u = 12*u + 16. What are the prime factors of u?
2
Let w(l) = 28*l**2 - 43*l + 8. List the prime factors of w(5).
17, 29
Let q be (-7)/(-3)*20/4*3. Let u = q - -23. List the prime factors of u.
2, 29
Suppose 2080 = -16*h + 24*h. What are the prime factors of h?
2, 5, 13
Suppose -5*f + 30*s = 29*s - 3014, -2*s = -3*f + 1807. What are the prime factors of f?
3, 67
Let x(c) = c**2 + 3*c - 6. Suppose -k - 2*b + 0*b + 25 = 0, 0 = -2*b. Suppose 0 = 3*u + 2*u + t + 35, -5*t = k. What are the prime factors of x(u)?
2, 3
Suppose u - 3 = 4*u. List the prime factors of (u/(-2))/(3/12) - -18.
2, 5
Suppose 7680 = -y + 6*y - f, 3*y - 4616 = -f. What are the prime factors of y?
29, 53
Let d = -1148 + 2298. What are the prime factors of d?
2, 5, 23
Let u = -22 + -41. What are the prime factors of 4 + 0 + u/(-3)?
5
Suppose d - 4 - 4 = 0. Suppose 0 = -0*x + 2*x - d. Let h = 24 + x. List the prime factors of h.
2, 7
Let z(q) = -6*q - 57. Let b be z(12). Let g = b - -241. What are the prime factors of g?
2, 7
Suppose 91*d = 95*d - 8. List the prime factors of ((-2)/d)/((-2)/170).
5, 17
Let b = -894 + 1600. Let u = b - 499. What are the prime factors of u?
3, 23
Suppose 7*x - 1816 = 6*x. Suppose -x = -5*q + 164. Suppose -b - q = -7*b. List the prime factors of b.
2, 3, 11
Let v(n) = -6*n + 50. Let u be v(-23). Suppose 8*t - u = 812. List the prime factors of t.
5
Suppose -4*h + 570 = 2*u, -2*h + 2*u = 2*h - 574. List the prime factors of h.
11, 13
Let a be -2*(2 - 0 - 0). Let h be a/2*(-7)/2. What are the prime factors of 16/h - (-6)/(-21)?
2
Let b(k) = 15*k**2 - 18*k - 29. What are the prime factors of b(9)?
2
Let w = 57 - 51. What are the prime factors of (62/w)/((-2)/(-42) + 0)?
7, 31
Suppose -2*x - 4*l = -5680, l + 384 = -3*x + 8914. List the prime factors of x.
2, 3, 79
Let p = -12 - -4. Let j(i) = -3*i - 1. Let d be j(3). Let u = p - d. List the prime factors of u.
2
Let p = -6 + 11. Let n = 5 - p. Suppose n = -4*r - 19 + 107. What are the prime factors of r?
2, 11
Let n(c) = 3*c - 54. Let o be n(16). Suppose -2*l + 2*r + 8 = -2, 0 = 4*l - r - 29. Let k = l + o. What are the prime factors of k?
2
Suppose -n + 678 = -3*z, -1336 = 5*n - 7*n + z. List the prime factors of n.
2, 3, 37
Let k = -48 - -148. Suppose 0 = 27*t - 26*t - k. List the prime factors of t.
2, 5
Let o(a) = -3*a + 16. Suppose -4*p - 46 = 14. What are the prime factors of o(p)?
61
Suppose 2*j - 8 = j. Suppose -t + j = 2*f, 0*f = 5*f + 2*t - 19. Suppose f*l = 49 + 5. List the prime factors of l.
2, 3
List the prime factors of (-1 - (-5 + (-8)/(-2))) + 2871.
3, 11, 29
Suppose 5*w - l + 0*l = 862, -3*w + 504 = -5*l. What are the prime factors of w?
173
Suppose -5*n + 4*a = -11 + 5, 2*n = -2*a - 12. Let s = 603 - 624. Let k = n - s. List the prime factors of k.
19
What are the prime factors of 2/((-36)/3033)*-10?
5, 337
Let u be 48/(-30) + 4/(-10). What are the prime factors of 1/u + ((-155)/(-2) - 1)?
2, 19
Let l(n) = -53*n**3 - 2*n**2 + 1. Let p be l(-1). Suppose 2*s = 3*f + 164, -f + 0*s - 2*s - p = 0. Let d = 87 + f. List the prime factors of d.
3, 11
What are the prime factors of (283 - 29)*2/4?
127
Let o be ((-42)/49)/(4/(-14)). Suppose 4*p + 5*n - 21 = 0, -6*p + 16 = -o*p + 4*n. What are the prime factors of p?
2
Let c(l) = l**3 - 14*l**2 + 15*l - 2. Let f(s) = -5*s**3 + 57*s**2 - 59*s + 8. Let r(z) = 9*c(z) + 2*f(z). What are the prime factors of r(-14)?
2, 19
Let v(y) = -y**3 - 7*y**2 + 8*y. Let r be v(-8). Suppose g - 11*g + 1480 = r. What are the prime factors of g?
2, 37
Suppose -5*v = -9*v - 16. List the prime factors of 1/(v/(-16)) - -21.
5
Let g = -2355 - -3986. What are the prime factors of g?
7, 233
Let n = 399 + -237. List the prime factors of n.
2, 3
Suppose 2*w + 5888 = 26*b - 22*b, 3*b - 2*w = 4415. What are the prime factors of b?
3, 491
Let h be (-61)/3 + 2/6. Let d be (10/(-3))/(h/30). Suppose 4*m = -b + 2, -d*b - 5*m + 52 = -b. What are the prime factors of b?
2, 3
Let t(p) = 8*p - 90. Let h be t(11). Let v(s) = 0*s**2 - 2*s + 0*s**3 + 2 + s**2 + s**3. List the prime factors of v(h).
2
Suppose -522 = -2*d + 102. Let r = d - 212. List the prime factors of r.
2, 5
Suppose 2*i - 393 = -i. Suppose -5*y + i = 3*h, -5*y + 38 = 2*h - 41. What are the prime factors of h?
2, 13
Let p(l) = -5*l**3 + l. Let t(u) = u**3 + 4*u**2 - 1. Let a be t(-4). Let v be p(a). Suppose v*r - 116 = -0*r. List the prime factors of r.
29
Let f = 78 + 229. What are the prime factors of f?
307
Suppose -5*l = 3*d + 3 - 1, 4*d + 8 = -4*l. Suppose -3*o - 47 = -i, 0 = -o + 2*o - l. List the prime factors of i.
53
Let q(i) = -i**3 + 12*i**2 - 10*i - 8. Suppose 5*v + 37 = y + 117, -2*v - 5*y + 5 = 0. Suppose 3*t = 48 - v. List the prime factors of q(t).
3
Suppose -3*j + 2*a + 366 = -2*a, -4*j + 2*a = -488. Let b = 0 + 4. List the prime factors of (-6)/b - j/(-4).
29
Suppose 2*b = -w + 1738, -1097 = -w + 5*b + 627. What are the prime factors of w?
2, 3, 17
Let z(v) = 2*v - 7. Suppose -3*b = -g + 12, 14 = 5*g + 5*b - 6. Let s be z(g). Suppose s*o - 2*o = 4*i + 62, 2*o + 3*i = 13. What are the prime factors of o?
2, 7
Let n(d) be the first derivative of d**4/4 + 5*d**3 + 36*d + 22. What are the prime factors of n(-15)?
2, 3
Let y = -1080 - -2724. Suppose y = -2*n + 8*n. What are the prime factors of n?
2, 137
What are the prime factors of (989*(-3)/12)/((-1)/12)?
3, 23, 43
Let i(t) = 13*t**3 - 3*t**2 - 15*t + 69. What are the prime factors of i(6)?
3, 19, 47
What are the prime factors of 16*(4670/40)/1?
2, 467
Let o(x) = 44*x + 5. What are the prime factors of o(4)?
181
Let q(h) = 5*h**2 + 2*h - 1. Let u be q(-3). Let z be ((-60)/3)/(-2) - -1. Let x = u - z. List the prime factors of x.
3
Let s be -16*1/4*-2. Let a(t) be the first derivative of -t**3/3 + 17*t**2/2 - 6*t - 3. What are the prime factors of a(s)?
2, 3, 11
Let t = 612 + -234. What are the prime factors of t?
2, 3, 7
Suppose -3*x + 4*a = -1151, -10*x + 15*x - 3*a = 1900. What are the prime factors of x?
13, 29
Let r(l) = l**3 + 5*l**2 - 3*l - 12. Let c be r(-5). Suppose -19 = -c*s + 212. What are the prime factors of s?
7, 11
Let q(x) = 61*x**2 + 2*x - 2. What are the prime factors of q(3)?
7, 79
Let u = -3 - -7. Let m(t